{"id":29159,"date":"2020-09-21T10:51:03","date_gmt":"2020-09-21T08:51:03","guid":{"rendered":"https:\/\/p612233.webspaceconfig.de\/produkt\/edition-schlueter-2020\/"},"modified":"2024-04-29T14:22:31","modified_gmt":"2024-04-29T12:22:31","slug":"edition-schlueter-2020","status":"publish","type":"product","link":"https:\/\/www.ann-helena.de\/fr\/produit\/edition-schlueter-2020\/","title":{"rendered":"Bach-Edition Schl\u00fcter: Passacaglia c-Moll"},"content":{"rendered":"<p>Scan des Notenblattes &#8220;Bach-Edition Schl\u00fcter 2020 Passacaglia c-Moll&#8221;<\/p>\n<p>Gr\u00f6\u00dfe eines B\u00e4renreiter Blattes, 30 x 24 cm<\/p>\n<p>Der Preis bezieht sich auf die Reproduktion des Foto-Scans.<\/p>\n<p>Ungerahmt: 30 \u20ac<\/p>\n<p>Das Original kostet 120 \u20ac und ist <a href=\"https:\/\/www.ann-helena.de\/kontakt\/\">auf Anfrage<\/a> zu erwerben.<\/p>\n<p>Alle weiteren 7 Seiten der Passacaglia sind ebenfalls im Original oder als Fotografie zu erwerben.<\/p>\n","protected":false},"excerpt":{"rendered":"Scan des Notenblattes &#8220;Bach-Edition Schl\u00fcter 2021, Passacaglia c-Moll&#8221;\r\n\r\nGr\u00f6\u00dfe eines B\u00e4renreiter Blattes, 30 x 24 cm\r\n\r\nDer Preis bezieht sich auf die Reproduktion des Foto-Scans.\r\n\r\nUngerahmt: 30 \u20ac\r\n\r\nDas Original kostet 120 \u20ac und ist <a href=\"https:\/\/www.ann-helena.de\/kontakt\/\">auf Anfrage<\/a> zu erwerben.\r\n\r\nAlle weiteren 7 Seiten der Passacaglia sind ebenfalls im Original oder als Fotografie zu erwerben.","protected":false},"featured_media":26199,"comment_status":"open","ping_status":"closed","template":"","meta":{"_acf_changed":false,"inline_featured_image":false},"product_brand":[],"product_cat":[168],"product_tag":[173,337,405,294,318,722,436],"class_list":{"0":"post-29159","1":"product","2":"type-product","3":"status-publish","4":"has-post-thumbnail","6":"product_cat-cartoons-zeichnungen","7":"product_tag-ann-helena-schlueter","8":"product_tag-art","9":"product_tag-b-a-c-h","10":"product_tag-kunst","11":"product_tag-malerei","12":"product_tag-musik-malerei","13":"product_tag-noten","15":"first","16":"instock","17":"taxable","18":"shipping-taxable","19":"purchasable","20":"product-type-simple"},"acf":[],"yoast_head":"<!-- This site is optimized with the Yoast SEO plugin v27.5 - https:\/\/yoast.com\/product\/yoast-seo-wordpress\/ -->\n<title>Bach-Edition Schl\u00fcter: Passacaglia c-Moll<\/title>\n<meta name=\"description\" content=\"Bach-Edition Schl\u00fcter: Passacaglia c-Moll, female Composer, Komponistin, AHS, Vlog, Blog, Ann-Helena\" \/>\n<meta name=\"robots\" content=\"index, follow, max-snippet:-1, max-image-preview:large, max-video-preview:-1\" \/>\n<link rel=\"canonical\" href=\"https:\/\/www.ann-helena.de\/fr\/produit\/edition-schlueter-2020\/\" \/>\n<meta property=\"og:locale\" content=\"fr_FR\" \/>\n<meta property=\"og:type\" content=\"article\" \/>\n<meta property=\"og:title\" content=\"Bach-Edition Schl\u00fcter: Passacaglia c-Moll\" \/>\n<meta property=\"og:description\" content=\"Bach-Edition Schl\u00fcter: Passacaglia c-Moll, female Composer, Komponistin, AHS, Vlog, Blog, Ann-Helena\" \/>\n<meta property=\"og:url\" content=\"https:\/\/www.ann-helena.de\/fr\/produit\/edition-schlueter-2020\/\" \/>\n<meta property=\"og:site_name\" content=\"Ann-Helena Schl\u00fcter\" \/>\n<meta property=\"article:modified_time\" content=\"2024-04-29T12:22:31+00:00\" \/>\n<meta property=\"og:image\" content=\"https:\/\/wv-ann-helena-dev.wvnderlab.com\/wp-content\/uploads\/2022\/06\/AHS_IMG_6511_neu-1.jpg\" \/>\n\t<meta property=\"og:image:width\" content=\"800\" \/>\n\t<meta property=\"og:image:height\" content=\"800\" \/>\n\t<meta property=\"og:image:type\" content=\"image\/jpeg\" \/>\n<script type=\"application\/ld+json\" class=\"yoast-schema-graph\">{\"@context\":\"https:\\\/\\\/schema.org\",\"@graph\":[{\"@type\":\"WebPage\",\"@id\":\"https:\\\/\\\/www.ann-helena.de\\\/fr\\\/produit\\\/edition-schlueter-2020\\\/\",\"url\":\"https:\\\/\\\/www.ann-helena.de\\\/fr\\\/produit\\\/edition-schlueter-2020\\\/\",\"name\":\"Bach-Edition Schl\u00fcter: Passacaglia c-Moll\",\"isPartOf\":{\"@id\":\"https:\\\/\\\/www.ann-helena.de\\\/fr\\\/#website\"},\"primaryImageOfPage\":{\"@id\":\"https:\\\/\\\/www.ann-helena.de\\\/fr\\\/produit\\\/edition-schlueter-2020\\\/#primaryimage\"},\"image\":{\"@id\":\"https:\\\/\\\/www.ann-helena.de\\\/fr\\\/produit\\\/edition-schlueter-2020\\\/#primaryimage\"},\"thumbnailUrl\":\"https:\\\/\\\/www.ann-helena.de\\\/wp-content\\\/uploads\\\/2022\\\/06\\\/AHS_IMG_6511_neu-1.jpg\",\"datePublished\":\"2020-09-21T08:51:03+00:00\",\"dateModified\":\"2024-04-29T12:22:31+00:00\",\"description\":\"Bach-Edition Schl\u00fcter: Passacaglia c-Moll, female Composer, Komponistin, AHS, Vlog, Blog, Ann-Helena\",\"breadcrumb\":{\"@id\":\"https:\\\/\\\/www.ann-helena.de\\\/fr\\\/produit\\\/edition-schlueter-2020\\\/#breadcrumb\"},\"inLanguage\":\"fr-FR\",\"potentialAction\":[{\"@type\":\"ReadAction\",\"target\":[\"https:\\\/\\\/www.ann-helena.de\\\/fr\\\/produit\\\/edition-schlueter-2020\\\/\"]}]},{\"@type\":\"ImageObject\",\"inLanguage\":\"fr-FR\",\"@id\":\"https:\\\/\\\/www.ann-helena.de\\\/fr\\\/produit\\\/edition-schlueter-2020\\\/#primaryimage\",\"url\":\"https:\\\/\\\/www.ann-helena.de\\\/wp-content\\\/uploads\\\/2022\\\/06\\\/AHS_IMG_6511_neu-1.jpg\",\"contentUrl\":\"https:\\\/\\\/www.ann-helena.de\\\/wp-content\\\/uploads\\\/2022\\\/06\\\/AHS_IMG_6511_neu-1.jpg\",\"width\":800,\"height\":800},{\"@type\":\"BreadcrumbList\",\"@id\":\"https:\\\/\\\/www.ann-helena.de\\\/fr\\\/produit\\\/edition-schlueter-2020\\\/#breadcrumb\",\"itemListElement\":[{\"@type\":\"ListItem\",\"position\":1,\"name\":\"Home\",\"item\":\"https:\\\/\\\/www.ann-helena.de\\\/fr\\\/\"},{\"@type\":\"ListItem\",\"position\":2,\"name\":\"Boutique\",\"item\":\"https:\\\/\\\/www.ann-helena.de\\\/fr\\\/boutique\\\/\"},{\"@type\":\"ListItem\",\"position\":3,\"name\":\"Bach-Edition Schl\u00fcter: Passacaglia c-Moll\"}]},{\"@type\":\"WebSite\",\"@id\":\"https:\\\/\\\/www.ann-helena.de\\\/fr\\\/#website\",\"url\":\"https:\\\/\\\/www.ann-helena.de\\\/fr\\\/\",\"name\":\"Ann-Helena Schl\u00fcter\",\"description\":\"\",\"publisher\":{\"@id\":\"https:\\\/\\\/www.ann-helena.de\\\/fr\\\/#organization\"},\"potentialAction\":[{\"@type\":\"SearchAction\",\"target\":{\"@type\":\"EntryPoint\",\"urlTemplate\":\"https:\\\/\\\/www.ann-helena.de\\\/fr\\\/?s={search_term_string}\"},\"query-input\":{\"@type\":\"PropertyValueSpecification\",\"valueRequired\":true,\"valueName\":\"search_term_string\"}}],\"inLanguage\":\"fr-FR\"},{\"@type\":\"Organization\",\"@id\":\"https:\\\/\\\/www.ann-helena.de\\\/fr\\\/#organization\",\"name\":\"Ann- Helena Schl\u00fcter\",\"url\":\"https:\\\/\\\/www.ann-helena.de\\\/fr\\\/\",\"logo\":{\"@type\":\"ImageObject\",\"inLanguage\":\"fr-FR\",\"@id\":\"https:\\\/\\\/www.ann-helena.de\\\/fr\\\/#\\\/schema\\\/logo\\\/image\\\/\",\"url\":\"https:\\\/\\\/www.ann-helena.de\\\/wp-content\\\/uploads\\\/2022\\\/07\\\/Ann-Helena-Schlueter-Logo-rot.svg\",\"contentUrl\":\"https:\\\/\\\/www.ann-helena.de\\\/wp-content\\\/uploads\\\/2022\\\/07\\\/Ann-Helena-Schlueter-Logo-rot.svg\",\"caption\":\"Ann- Helena Schl\u00fcter\"},\"image\":{\"@id\":\"https:\\\/\\\/www.ann-helena.de\\\/fr\\\/#\\\/schema\\\/logo\\\/image\\\/\"}}]}<\/script>\n<!-- \/ Yoast SEO plugin. -->","yoast_head_json":{"title":"Bach-Edition Schl\u00fcter: Passacaglia c-Moll","description":"Bach-Edition Schl\u00fcter: Passacaglia c-Moll, female Composer, Komponistin, AHS, Vlog, Blog, Ann-Helena","robots":{"index":"index","follow":"follow","max-snippet":"max-snippet:-1","max-image-preview":"max-image-preview:large","max-video-preview":"max-video-preview:-1"},"canonical":"https:\/\/www.ann-helena.de\/fr\/produit\/edition-schlueter-2020\/","og_locale":"fr_FR","og_type":"article","og_title":"Bach-Edition Schl\u00fcter: Passacaglia c-Moll","og_description":"Bach-Edition Schl\u00fcter: Passacaglia c-Moll, female Composer, Komponistin, AHS, Vlog, Blog, Ann-Helena","og_url":"https:\/\/www.ann-helena.de\/fr\/produit\/edition-schlueter-2020\/","og_site_name":"Ann-Helena Schl\u00fcter","article_modified_time":"2024-04-29T12:22:31+00:00","og_image":[{"width":800,"height":800,"url":"https:\/\/wv-ann-helena-dev.wvnderlab.com\/wp-content\/uploads\/2022\/06\/AHS_IMG_6511_neu-1.jpg","type":"image\/jpeg"}],"schema":{"@context":"https:\/\/schema.org","@graph":[{"@type":"WebPage","@id":"https:\/\/www.ann-helena.de\/fr\/produit\/edition-schlueter-2020\/","url":"https:\/\/www.ann-helena.de\/fr\/produit\/edition-schlueter-2020\/","name":"Bach-Edition Schl\u00fcter: Passacaglia c-Moll","isPartOf":{"@id":"https:\/\/www.ann-helena.de\/fr\/#website"},"primaryImageOfPage":{"@id":"https:\/\/www.ann-helena.de\/fr\/produit\/edition-schlueter-2020\/#primaryimage"},"image":{"@id":"https:\/\/www.ann-helena.de\/fr\/produit\/edition-schlueter-2020\/#primaryimage"},"thumbnailUrl":"https:\/\/www.ann-helena.de\/wp-content\/uploads\/2022\/06\/AHS_IMG_6511_neu-1.jpg","datePublished":"2020-09-21T08:51:03+00:00","dateModified":"2024-04-29T12:22:31+00:00","description":"Bach-Edition Schl\u00fcter: Passacaglia c-Moll, female Composer, Komponistin, AHS, Vlog, Blog, Ann-Helena","breadcrumb":{"@id":"https:\/\/www.ann-helena.de\/fr\/produit\/edition-schlueter-2020\/#breadcrumb"},"inLanguage":"fr-FR","potentialAction":[{"@type":"ReadAction","target":["https:\/\/www.ann-helena.de\/fr\/produit\/edition-schlueter-2020\/"]}]},{"@type":"ImageObject","inLanguage":"fr-FR","@id":"https:\/\/www.ann-helena.de\/fr\/produit\/edition-schlueter-2020\/#primaryimage","url":"https:\/\/www.ann-helena.de\/wp-content\/uploads\/2022\/06\/AHS_IMG_6511_neu-1.jpg","contentUrl":"https:\/\/www.ann-helena.de\/wp-content\/uploads\/2022\/06\/AHS_IMG_6511_neu-1.jpg","width":800,"height":800},{"@type":"BreadcrumbList","@id":"https:\/\/www.ann-helena.de\/fr\/produit\/edition-schlueter-2020\/#breadcrumb","itemListElement":[{"@type":"ListItem","position":1,"name":"Home","item":"https:\/\/www.ann-helena.de\/fr\/"},{"@type":"ListItem","position":2,"name":"Boutique","item":"https:\/\/www.ann-helena.de\/fr\/boutique\/"},{"@type":"ListItem","position":3,"name":"Bach-Edition Schl\u00fcter: Passacaglia c-Moll"}]},{"@type":"WebSite","@id":"https:\/\/www.ann-helena.de\/fr\/#website","url":"https:\/\/www.ann-helena.de\/fr\/","name":"Ann-Helena Schl\u00fcter","description":"","publisher":{"@id":"https:\/\/www.ann-helena.de\/fr\/#organization"},"potentialAction":[{"@type":"SearchAction","target":{"@type":"EntryPoint","urlTemplate":"https:\/\/www.ann-helena.de\/fr\/?s={search_term_string}"},"query-input":{"@type":"PropertyValueSpecification","valueRequired":true,"valueName":"search_term_string"}}],"inLanguage":"fr-FR"},{"@type":"Organization","@id":"https:\/\/www.ann-helena.de\/fr\/#organization","name":"Ann- Helena Schl\u00fcter","url":"https:\/\/www.ann-helena.de\/fr\/","logo":{"@type":"ImageObject","inLanguage":"fr-FR","@id":"https:\/\/www.ann-helena.de\/fr\/#\/schema\/logo\/image\/","url":"https:\/\/www.ann-helena.de\/wp-content\/uploads\/2022\/07\/Ann-Helena-Schlueter-Logo-rot.svg","contentUrl":"https:\/\/www.ann-helena.de\/wp-content\/uploads\/2022\/07\/Ann-Helena-Schlueter-Logo-rot.svg","caption":"Ann- Helena Schl\u00fcter"},"image":{"@id":"https:\/\/www.ann-helena.de\/fr\/#\/schema\/logo\/image\/"}}]}},"_links":{"self":[{"href":"https:\/\/www.ann-helena.de\/fr\/wp-json\/wp\/v2\/product\/29159","targetHints":{"allow":["GET"]}}],"collection":[{"href":"https:\/\/www.ann-helena.de\/fr\/wp-json\/wp\/v2\/product"}],"about":[{"href":"https:\/\/www.ann-helena.de\/fr\/wp-json\/wp\/v2\/types\/product"}],"replies":[{"embeddable":true,"href":"https:\/\/www.ann-helena.de\/fr\/wp-json\/wp\/v2\/comments?post=29159"}],"wp:featuredmedia":[{"embeddable":true,"href":"https:\/\/www.ann-helena.de\/fr\/wp-json\/wp\/v2\/media\/26199"}],"wp:attachment":[{"href":"https:\/\/www.ann-helena.de\/fr\/wp-json\/wp\/v2\/media?parent=29159"}],"wp:term":[{"taxonomy":"product_brand","embeddable":true,"href":"https:\/\/www.ann-helena.de\/fr\/wp-json\/wp\/v2\/product_brand?post=29159"},{"taxonomy":"product_cat","embeddable":true,"href":"https:\/\/www.ann-helena.de\/fr\/wp-json\/wp\/v2\/product_cat?post=29159"},{"taxonomy":"product_tag","embeddable":true,"href":"https:\/\/www.ann-helena.de\/fr\/wp-json\/wp\/v2\/product_tag?post=29159"}],"curies":[{"name":"wp","href":"https:\/\/api.w.org\/{rel}","templated":true}]}}

Bach-Edition Schlüter: Passacaglia c-Moll

<p>Scan des Notenblattes &#8220;Bach-Edition Schlüter 2020 Passacaglia c-Moll&#8221;</p>
<p>Größe eines Bärenreiter Blattes, 30 x 24 cm</p>
<p>Der Preis bezieht sich auf die Reproduktion des Foto-Scans.</p>
<p>Ungerahmt: 30 €</p>
<p>Das Original kostet 120 € und ist <a href="https://www.ann-helena.de/kontakt/">auf Anfrage</a> zu erwerben.</p>
<p>Alle weiteren 7 Seiten der Passacaglia sind ebenfalls im Original oder als Fotografie zu erwerben.</p>

Scan des Notenblattes &#8220;Bach-Edition Schlüter 2021, Passacaglia c-Moll&#8221;

Größe eines Bärenreiter Blattes, 30 x 24 cm

Der Preis bezieht sich auf die Reproduktion des Foto-Scans.

Ungerahmt: 30 €

Das Original kostet 120 € und ist <a href="https://www.ann-helena.de/kontakt/">auf Anfrage</a> zu erwerben.

Alle weiteren 7 Seiten der Passacaglia sind ebenfalls im Original oder als Fotografie zu erwerben.

<!-- This site is optimized with the Yoast SEO plugin v27.5 - https://yoast.com/product/yoast-seo-wordpress/ -->
<title>Bach-Edition Schlüter: Passacaglia c-Moll</title>
<meta name="description" content="Bach-Edition Schlüter: Passacaglia c-Moll, female Composer, Komponistin, AHS, Vlog, Blog, Ann-Helena" />
<meta name="robots" content="index, follow, max-snippet:-1, max-image-preview:large, max-video-preview:-1" />
<link rel="canonical" href="https://www.ann-helena.de/fr/produit/edition-schlueter-2020/" />
<meta property="og:locale" content="fr_FR" />
<meta property="og:type" content="article" />
<meta property="og:title" content="Bach-Edition Schlüter: Passacaglia c-Moll" />
<meta property="og:description" content="Bach-Edition Schlüter: Passacaglia c-Moll, female Composer, Komponistin, AHS, Vlog, Blog, Ann-Helena" />
<meta property="og:url" content="https://www.ann-helena.de/fr/produit/edition-schlueter-2020/" />
<meta property="og:site_name" content="Ann-Helena Schlüter" />
<meta property="article:modified_time" content="2024-04-29T12:22:31+00:00" />
<meta property="og:image" content="https://wv-ann-helena-dev.wvnderlab.com/wp-content/uploads/2022/06/AHS_IMG_6511_neu-1.jpg" />
	<meta property="og:image:width" content="800" />
	<meta property="og:image:height" content="800" />
	<meta property="og:image:type" content="image/jpeg" />
<script type="application/ld+json" class="yoast-schema-graph">{"@context":"https:\/\/schema.org","@graph":[{"@type":"WebPage","@id":"https:\/\/www.ann-helena.de\/fr\/produit\/edition-schlueter-2020\/","url":"https:\/\/www.ann-helena.de\/fr\/produit\/edition-schlueter-2020\/","name":"Bach-Edition Schlüter: Passacaglia c-Moll","isPartOf":{"@id":"https:\/\/www.ann-helena.de\/fr\/#website"},"primaryImageOfPage":{"@id":"https:\/\/www.ann-helena.de\/fr\/produit\/edition-schlueter-2020\/#primaryimage"},"image":{"@id":"https:\/\/www.ann-helena.de\/fr\/produit\/edition-schlueter-2020\/#primaryimage"},"thumbnailUrl":"https:\/\/www.ann-helena.de\/wp-content\/uploads\/2022\/06\/AHS_IMG_6511_neu-1.jpg","datePublished":"2020-09-21T08:51:03+00:00","dateModified":"2024-04-29T12:22:31+00:00","description":"Bach-Edition Schlüter: Passacaglia c-Moll, female Composer, Komponistin, AHS, Vlog, Blog, Ann-Helena","breadcrumb":{"@id":"https:\/\/www.ann-helena.de\/fr\/produit\/edition-schlueter-2020\/#breadcrumb"},"inLanguage":"fr-FR","potentialAction":[{"@type":"ReadAction","target":["https:\/\/www.ann-helena.de\/fr\/produit\/edition-schlueter-2020\/"]}]},{"@type":"ImageObject","inLanguage":"fr-FR","@id":"https:\/\/www.ann-helena.de\/fr\/produit\/edition-schlueter-2020\/#primaryimage","url":"https:\/\/www.ann-helena.de\/wp-content\/uploads\/2022\/06\/AHS_IMG_6511_neu-1.jpg","contentUrl":"https:\/\/www.ann-helena.de\/wp-content\/uploads\/2022\/06\/AHS_IMG_6511_neu-1.jpg","width":800,"height":800},{"@type":"BreadcrumbList","@id":"https:\/\/www.ann-helena.de\/fr\/produit\/edition-schlueter-2020\/#breadcrumb","itemListElement":[{"@type":"ListItem","position":1,"name":"Home","item":"https:\/\/www.ann-helena.de\/fr\/"},{"@type":"ListItem","position":2,"name":"Boutique","item":"https:\/\/www.ann-helena.de\/fr\/boutique\/"},{"@type":"ListItem","position":3,"name":"Bach-Edition Schlüter: Passacaglia c-Moll"}]},{"@type":"WebSite","@id":"https:\/\/www.ann-helena.de\/fr\/#website","url":"https:\/\/www.ann-helena.de\/fr\/","name":"Ann-Helena Schlüter","description":"","publisher":{"@id":"https:\/\/www.ann-helena.de\/fr\/#organization"},"potentialAction":[{"@type":"SearchAction","target":{"@type":"EntryPoint","urlTemplate":"https:\/\/www.ann-helena.de\/fr\/?s={search_term_string}"},"query-input":{"@type":"PropertyValueSpecification","valueRequired":true,"valueName":"search_term_string"}}],"inLanguage":"fr-FR"},{"@type":"Organization","@id":"https:\/\/www.ann-helena.de\/fr\/#organization","name":"Ann- Helena Schlüter","url":"https:\/\/www.ann-helena.de\/fr\/","logo":{"@type":"ImageObject","inLanguage":"fr-FR","@id":"https:\/\/www.ann-helena.de\/fr\/#\/schema\/logo\/image\/","url":"https:\/\/www.ann-helena.de\/wp-content\/uploads\/2022\/07\/Ann-Helena-Schlueter-Logo-rot.svg","contentUrl":"https:\/\/www.ann-helena.de\/wp-content\/uploads\/2022\/07\/Ann-Helena-Schlueter-Logo-rot.svg","caption":"Ann- Helena Schlüter"},"image":{"@id":"https:\/\/www.ann-helena.de\/fr\/#\/schema\/logo\/image\/"}}]}</script>
<!-- / Yoast SEO plugin. -->

Bach-Edition Schlüter: Passacaglia c-Moll, female Composer, Komponistin, AHS, Vlog, Blog, Ann-Helena

Ann-Helena Schlüter

Ann- Helena Schlüter
